aluate -2 - 1 - -1 - -2.
0
What is the value of -119 + 117 + 0 + -1 + -7?
-10
Evaluate 2 + -1 + (-5 + 4 - -3).
3
Evaluate (2 - 2) + (1 - -3 - 2).
2
What is (2 + -4 - -6) + (-22 - -22)?
4
What is 5 - (1 + 1) - 5?
-2
Evaluate 2 + 2 + -1 + 3 + -3.
3
(1 - 0 - 7) + 3 + 2
-1
Calculate (1 - -2) + (5 - 3).
5
Evaluate 4 + 0 + -4 + -3.
-3
Evaluate -11 + (7 - 6) + 3 + 0.
-7
(-2 - (-2 + -16)) + -6 - 6
4
Evaluate (-4 - (-1 - (1 + 3))) + 1.
2
Calculate -3 + 8 + (0 - (0 + 1)).
4
What is 5 + -2 + (3 - (3 + -4))?
7
Evaluate 7 + -1 - (0 + 3).
3
What is the value of -3 + 6 - (2 + 6)?
-5
What is the value of 5 + -1 + 4 + 3 + -17?
-6
1 - (2 - -4 - 0)
-5
Calculate -7 + 11 - (4 + 5).
-5
(2 - -3) + -1 + (-6 - -6)
4
Evaluate 3 + -9 + 14 + -8.
0
What is the value of 5 + (1 - (-2 - -3)) - 2?
3
What is (3 - (1 - 1)) + -8?
-5
2 - (-6 - -2) - (12 + -9)
3
Calculate (-10 - (2 - 11)) + -2 + -3.
-6
Evaluate 1 + 6 + (-18 - -4) - -5.
-2
What is 20 + -10 - (1 - -2)?
7
What is -10 + -2 - (31 + -39)?
-4
(2 - 9) + 0 + 2 + 1
-4
What is the value of -5 + 8 - (3 - 1)?
1
-3 - (-3 - (-6 - (-12 + 6)))
0
Evaluate 2 + (-2 - (-5 + -5 + 10)).
0
0 + 1 + -12 + 13
2
-23 + 27 - (-1 - -2)
3
What is 4 + -5 + (-5 - -5) - -4?
3
Evaluate (24 - 29) + (-1 - (-1 - 0)).
-5
Calculate -3 + (22 + -9 - 3).
7
Evaluate 0 + -2 + (-3 - -1).
-4
Calculate 0 - (1 + -1) - -2 - 1.
1
What is the value of 0 + (-16 - (-12 - -2))?
-6
(-2 - (4 + -9)) + -5
-2
-3 - (-8 - (4 - 3 - 5))
1
Calculate -1 + (4 - (-5 + 5)).
3
Evaluate (-6 - -5) + -4 + 9.
4
Evaluate -3 + 13 - -3 - (-5 - -12).
6
Evaluate -1 + -11 - (-5 - -1) - -4.
-4
Calculate -3 + (3 - (7 + -12)) + -11.
-6
What is (1 - (4 + (-3 - 3))) + 0?
3
1 - -3 - (-9 - (-12 - -3))
4
What is 123 - 118 - (11 + 0 + 0)?
-6
What is the value of -24 - -24 - (0 - 2 - 1)?
3
What is the value of 2 + (-6 - -4 - -2)?
2
Calculate 143 + -141 - (0 + -2).
4
What is -1 - 2 - (1 + -8) - 8?
-4
What is -54 - -60 - (8 + -2 + 4)?
-4
Evaluate 7 + (5 - (9 + -2 + -3)).
8
What is the value of -8 - (-7 + 1 + 7 - -1)?
-10
-3 - (-1 - -4 - (-6 + 7))
-5
What is (15 + -6 - 7) + -2?
0
Calculate 0 + (1 - -6) + -7.
0
Evaluate -1 - 9 - (-5 + -3 - -6).
-8
What is 4 - (-3 + 1 + -1) - 3?
4
What is the value of (0 - (2 - (2 - 2))) + 2?
0
What is the value of 2 - (-2 + (-3 - 0) - -2)?
5
Calculate -14 + 9 + 4 + -3.
-4
What is -1 + (-4 + 1 - -3)?
-1
What is the value of (-10 + 0 - -3) + 4?
-3
(-71 - -65) + -1 + 2
-5
What is the value of (9 - (0 + 5)) + -7 + 1?
-2
Calculate (0 - 0) + 6 + 5 + -3.
8
Evaluate 11 + -9 - (-1 + 5 + -3).
1
What is the value of -3 + 5 + 0 + -1 + -4?
-3
What is 3 + (-3 - -4) + 0?
4
Evaluate -4 - (-4 + (0 - -7)).
-7
(2 + -5 + -8 - -5) + 2
-4
What is the value of 2 + 31 + -11 + -12?
10
Evaluate -4 + -1 + 2 + 2.
-1
Evaluate -18 - -11 - (-5 + 1).
-3
What is -30 + 9 + 9 + 6?
-6
(-6 - -2) + (-1 - -5) - -2
2
What is -2 + 6 + (-6 - -4) + 2?
4
What is 6 - (10 + 0 - (-3 - -8))?
1
Calculate -4 - (-2 + -1) - (-3 - 2).
4
1 + -2 + (4 - 6 - -3)
0
Calculate (-10 - -2) + 4 + 9 + -1.
4
Evaluate -1 - -1 - (-1 - -2).
-1
What is -8 + (-5 - -11) + 5 - 8?
-5
What is 5 - (-13 + 18) - -7?
7
What is 5 + -2 + (10 - 5 - 10)?
-2
Calculate -5 + -1 + 4 + 4 + -2.
0
Evaluate -2 - -3 - 8 - -3.
-4
(-1 - (-3 - 1)) + 2
5
What is the value of (4 + -3 - 4) + 10?
7
What is 6 + (4 - 11) + 0?
-1
What is 7 + -8 - (-2 - 2)?
3
Calculate 0 + 0 + 6 + (-4 - -3).
5
-9 + (-3 - -10) + 10
8
Evaluate -4 + 16 + 1 - (-15 + 22).
6
-5 + (-2 - -1) + 4 - 0
-2
What is the value of 1 - (1 - 6 - -9)?
-3
What is the value of 3 + -10 + -4 + 7?
-4
What is the value of -1 + -6 + 18 + -15?
-4
-4 + (-8 - (11 + -15))
-8
-1 + (-3 - -7) + (-5 - 3)
-5
What is -14 - -20 - (-2 + 10)?
-2
Evaluate -10 + 3 + -6 + 3.
-10
-11 + (-9 - -6) + 11
-3
4 - (2 + -2 - 1) - 2
3
What is 24 - (-4 + 6 + 12)?
10
Calculate 4 + -2 + 4 + -8.
-2
What is the value of 4 - (-3 + (0 - -3 - -1))?
3
What is -2 + 0 + 1 - (-21 - -14)?
6
What is -24 + 14 - (4 + -3 - 5)?
-6
What is the value of (16 + -4 - 4 - 4) + 1?
5
Evaluate -1 + (6 - 4) - (3 - 2).
0
What is (-8 - -13) + -18 + 11?
-2
Evaluate 8 + 0 + 1 + -6 + -2.
1
(-13 - -18) + (-8 - 2)
-5
(-1 - -5 - -1) + -8 + -3
-6
Calculate -1 + 2 - 1 - (5 + -2).
-3
38 + -41 - (0 + 1)
-4
Calculate (1 - (0 - (-6 - -7))) + -3.
-1
What is 0 - (6 - -1) - -5 - 6?
-8
What is the value of -7 - (-3 + (-3 - -4))?
-5
-5 + (7 + -1 - 3)
-2
(-22 - (-4 - (7 - 4))) + 8
-7
What is the value of 0 + -2 + 0 + (-2 - 2)?
-6
What is 2 + (-4 - -1) + 3?
2
What is (-1 - 4) + (2 - -2)?
-1
Calculate 11 - 13 - ((4 - 8) + -3).
5
What is (-2 - -6) + -5 + (-12 - -6)?
-7
What is the value of -6 + (11 - -4) + 3 + -9?
3
What is 2 + -4 - (21 + -19)?
-4
Evaluate 3 - (3 - 4) - 0.
4
What is the value of 11 - (5 + 4 + -5)?
7
What is 1 - -3 - (1 - (2 + 0))?
5
Evaluate 5 - (56 + -49 - (12 + -1)).
9
What is the value of -7 + 16 + -6 - 1?
2
Calculate 36 - 24 - (-2 + 6).
8
Calculate 2 + 6 + -1 + -22 + 18.
3
Evaluate -8 + 9 - (8 - -2) - -6.
-3
Calculate -3 - ((4 - 4) + (2 - 7)).
2
Calculate (13 - (6 - -2)) + -4 + 3.
4
2 + (-7 - -2) - (0 + -4)
1
Evaluate (0 - 3 - -1) + (52 - 56).
-6
Evaluate 6 - (2 + 8 + -3 + -3).
2
3 + -1 - (9 - -8) - -7
-8
What is -7 + -4 + (-6 - -14) + 7?
4
3 + 0 + (7 + -11 - -1)
0
Calculate 20 + -10 + -4 + -9.
-3
What is 5 - (0 - (5 - 1))?
9
What is -6 - ((6 - -3) + -19)?
4
What is -10 - -24 - 22 - (1 - 1)?
-8
Evaluate -3 + (-11 + 6 - -1).
-7
What is 5 + -1 + (0 - 2) + -7?
-5
Evaluate 3 + -22 + -1 + 12.
-8
What is the value of 1 - (-3 - (-3 + -3))?
-2
Calculate 5 + -1 - ((-1 - 8) + 13).
0
Evaluate (10 - 15) + -1 + -2.
-8
Calculate 1 - (7 - (7 + -2)).
-1
Evaluate 2 + (8 - 20 - -17).
7
What is the value of 16 - (15 + -4) - (5 - 1)?
1
(0 - 0) + 0 - -3
3
What is the value of -1 + 7 + -6 - 1?
-1
Evaluate (7 - (5 + -3)) + -11.
-6
What is -5 + (1 + (4 - 3) - 0)?
-3
2 + 0 + (-3 - (-4 - -1))
2
What is the value of 1 + 2 - (11 + 0 + -5)?
-3
What is the value of (8 - -1) + 63 + -62?
10
What is the value of 9 - (5 - 1 - 1)?
6
What is (-2 - -4 - 2) + -1?
-1
What is -1 + 3 + (5 - 4) - 5?
-2
Calculate (-1 - -12) + (-36 - -27).
2
What is 11 + -2 + 2 + -6?
5
Calculate 4 - (1 - -1) - 2.
0
5 - (5 - -5 - 2)
-3
What is the value of (14 - (7 - 1)) + 2?
10
Evaluate -3 + (-1 - -4) + 0.
0
What is 8 + -20 + -7 + 25?
6
What is 5 - (4 + (2 - 2))?
1
-1 - (4 - (3 + 0)) - 2
-4
Evaluate 3 - (-4 - (-15 - -6)).
-2
Calculate 0 + 3 - (1 + -3 + 3).
2
What is -2 - (2 - (4 + -11 - -6))?
-5
Calculate -5 + 3 + 9 + -12.
-5
Evaluate -6 - (7 - -1 - 19).
5
What is -7 + (7 + -1 - -3)?
2
What is (36 - 40) + 8 + -2?
2
-4 - ((0 - 2) + -2) - -2
2
-5 + -4 + 4 - -3
-2
What is -4 - (-9 + 1 + 0 - -4)?
0
What is the value of -1 - (4 - -1 - 10)?
4
What is the value of -17 + 8 + -6 + 5 + 1?
-9
Calculate (-110 - -110) + (2 - 3) + 10.
9
What is the value of (-24 - -15) + (5 - 1)?
-5
Evaluate (1 - 1) + (-20 - (-41 + 15)).
6
(-3 - (-4 + 7)) + 3 + 3
0
What is the value of (0 - 5 - -2) + (0 - -1)?
-2
Calculate 2 - (10 + -2 + -2) - -2.
-2
Evaluate (-18 - -33) + (4 - 10).
9
What is -7 + 7 + 1 + 4?
5
What is 7 + 3 + -6 - (1 - 2)?
5
Calculate 3 + -1 + 0 + -2.
0
Calculate 4 - ((3 - 3) + 3) - 4.
-3
(3 - -2 - 2) + (3 - 6)
0
What is the value of -3 + 1 + 3 + (-13 - -10)?
-2
7 + -6 + -11 + 8 + 8
6
-2 - (0 + 2 - (6 - 5))
-3
What is (1 - (1 - -1)) + -12 + 12?
-1
Calculate 0 - (6 + (0 - -1) + 2).
-9
What is (26 - 28) + (-1 - (-1 - 1))?
-1
-1 - ((3 - 1) + -3) - -6
6
Evaluate (1 - -3) + (2 - 3) + -3.
0
(-4 - (-7 + 0)) + (-1 - -6)
8
Evaluate -5 + -1 + 6 + 0 - 6.
-6
What is the value of -7 + (5 - (-2 - -4 - 0))?
-4
What is the value of 11 + -10 - (7 - 4) - 7?
-9
What is the value of (4 - 10) + 9 - 3?
0
What is -4 - (-14 - (-5 - 0))?
5
Evaluate 5 + -2 - (-6 - -12 - 8).
5
1 - (-4 + 5) - (1 + 4)
-5
What is 8 - 4 - (1 + 3)?
0
What is -7 + (2 - (-2 + -2))?
-1
0 + 7 + -6 + -7
-6
-6 - ((-6 - -8) + -4)
-4
(-8 + 3 + 6 - 7) + 1
-5
What is -13 - 6 - -11 - -10?
2
Evaluate 1 + -7 - (-9 + 6) - -3.
0
What is -1 + -2 + 2 + 2 + -5?
-4
What is -6 + (6 - -2) + 4 + -9?
-3
3 + (-2 + -1 - -1) - -3
4
0 - 10 - (103 + -112)
-1
What is the value of -2 + -8 + 9 + 0?
-1
What is the value of 2 + (0 - (-9 - -2) - 3)?
6
-2 - ((3 - -1) + -3)
-3
(4 - 7) + 10 + -3
4
Calculate 3 + (1 - (0 - -1)).
3
Calculate 7 + (-14 - -7) - 9.
-9
Calculate 5 + 2 + -12 + 1.
-4
What is -2 + -4 + (0 + 2 - -1)?
-